 be s(-2). Let l(w) = -x*w + 3 - 334*w**2 + 325*w**2 + 0*w - 1. What is l(-2)?
-30
Suppose -4*q = 4, 4*q + 14 + 1 = -h. Let k be 72/132 + (-60)/h. Let s(x) = -3 + x - 1 - 3. Calculate s(k).
-1
Let m(d) = -9*d**2 + 27*d + 25. Let w(x) = -2*x**2 + 3*x + 2. Let q(k) = m(k) - 5*w(k). Suppose 26 = -2*y - 0*y - c, -2*y - 6 = -4*c. Calculate q(y).
4
Let c(d) = -9*d**3 - 2*d**2 + 2*d + 1. Let y(b) = 44*b**3 + 19*b**2 - 30*b. Let r(k) = 5*c(k) + y(k). Calculate r(6).
-7
Let c(h) = 9*h - 12. Let g(f) = -11*f + 14. Let z(k) = -6*c(k) - 5*g(k). Suppose 0*l = -2*l + 42. Let a = -14 + l. What is z(a)?
9
Let p(d) be the third derivative of -d**4/6 - d**3/3 - 17*d**2 + 3*d + 19. Calculate p(25).
-102
Let u = -651 - -353. Let l = u + 291. Let n(b) = b**3 + 6*b**2 - 7*b - 9. Determine n(l).
-9
Let u = 13221 + -13218. Let d(n) be the first derivative of -7*n + 4*n**2 + 36 - 1/3*n**u. Calculate d(7).
0
Suppose 12*a - 218 + 1082 = 0. Let u = 77 + a. Let i(k) = -7*k**2 + 9*k - 13. Let t(x) = 11*x**2 - 13*x + 20. Let d(n) = -8*i(n) - 5*t(n). Calculate d(u).
-6
Suppose 0 = -12*d - 7*d. Let w(v) = 2*v**2 - v - 4. Let f be w(d). Let j(c) = -c**3 - 3*c**2 - c - 3. Give j(f).
17
Suppose -17*r - 32*r - 848 = 4*r. Let l(k) = 5*k**2 + 79*k - 23. Determine l(r).
-7
Suppose -3*j + 5*h - 3 = 2*h, 3*j + 27 = -3*h. Let t be (-10)/(40/(-12)) + 1. Let w(a) = 6*a - t + 1 + 4 - 5*a. Give w(j).
-4
Let q be 2/7 + 300/(-70). Let x(m) = -m**2 - 15*m - 52. Let b be x(q). Let s(y) = -y**3 - 9*y**2 - 8*y - 11. Determine s(b).
-11
Let u = -4629 - -4598. Let m(h) = h**3 + 32*h**2 + 34*h + 124. Give m(u).
31
Let y(j) be the first derivative of 7/3*j**3 - 3*j**2 - 6 + 10*j + 1/4*j**4. Suppose 0 = 5*d - 2*p - 2*p + 56, 4 = p. Determine y(d).
-6
Let k = 1688 + -1692. Let h(o) = 5*o**3 - 10*o**2 + 9*o + 9. Let x(b) = -4*b**3 + 9*b**2 - 8*b - 8. Let a(d) = 5*h(d) + 6*x(d). Give a(k).
9
Let c be -3*(-8)/9*-6. Let j(r) = 5*r**2 - 48*r + 5. Let a(i) = -2*i**2 + 16*i - 2. Let b(z) = 8*a(z) + 3*j(z). Determine b(c).
-1
Let j(v) = 2*v**2 - 5*v**2 + 4*v**2 + 9*v**3 + 7*v**3. Let n = -365 + 366. Calculate j(n).
17
Suppose 0 = 2*v + 2*v + 8. Let i(j) be the second derivative of j**4/3 + j**3/3 + j**2 - 126709*j. What is i(v)?
14
Let c(p) = -p**3 + 9*p**2 - 8*p + 3. Suppose -5*i = 5*z - 30, 23 = 2*i + 3*z + 10. Let g be 11 - (-15)/(-25)*i. Calculate c(g).
3
Let h(a) = -2*a**2 - 28*a + 4. Let c(d) = -2*d**2 - 26*d + 5. Let r(t) = -7*c(t) + 6*h(t). Determine r(-9).
25
Suppose -79*d + 502 = -130. Let l(a) = a**2 - 23*a + 107. Calculate l(d).
-13
Suppose 4*k = 5*k + 5. Let t(w) = -w - 4. Let x = -346 - -349. Let s(o) = o**2 + o - 17. Let q(g) = x*t(g) - s(g). Give q(k).
0
Let t be 14 - 27/((-567)/(-168)). Let q(g) = -g**3 + 11*g**2 - 8*g + 11. Let f(r) = -r**2 - 1. Let h(z) = -4*f(z) - q(z). What is h(t)?
5
Suppose -14 = 16*o - 0 + 2. Let q(h) = h**2 + h. Let v be q(1). Let i(s) = -4 + 7*s**v + 0 - 2 + 5. Give i(o).
6
Let x(w) be the third derivative of 17*w**4/24 + 2*w**3/3 + 58*w**2 - 3. Suppose -m + 56 = 59. What is x(m)?
-47
Let f(d) = d**2 - 12*d - 78. Let x be (3875/(-45))/(-5) + 26/(-117). Give f(x).
7
Let f(m) = 2*m**2 + 41*m - 16. Let b(k) = 144*k + 987. Let d be b(-7). Give f(d).
5
Let f(j) = -7*j**3 - 21*j**2 + 2*j + 23. Let i(c) = -3*c**3 - 10*c**2 + c + 10. Let h be (-20)/(-8)*(-4)/(-5). Let d(o) = h*f(o) - 5*i(o). What is d(-8)?
4
Let c(l) = 13*l**2 + 2*l - 2. Let b be c(-3). Let f(h) = -h - 115 + b - 2*h. Let k(u) = 7*u + 38. Let n be k(-6). Determine f(n).
6
Let k(f) = -2 - 2 - 3*f - 3 + 4*f. Let n be k(4). Let l(u) be the second derivative of -u**4/6 - u**3/2 + 3*u**2/2 + 24*u. Give l(n).
-6
Suppose 6*w - 12 = 2*w. Let n(i) = -4 - 26*i + w*i**2 + 9*i + 5*i**2 + 10*i + i**3. What is n(-9)?
-22
Let z(d) = d**3 + 8*d**2 + 7*d + 5. Suppose -4*p = -133 - 43. Let q = 13 + p. Let f = q - 64. Determine z(f).
5
Let p be 2/2 + -17 + 21. Let w be -5*6*p/50. Let r(q) = q**2 + 2*q + 3. Give r(w).
6
Let c(z) be the second derivative of -5*z**3/6 + 15*z**2/2 + 956*z. Determine c(-8).
55
Let y(s) = s**3 + s**2 - 42*s + 3. Suppose -5*i = -2*z + 47, -z - 4*z + 37 = -i. Determine y(i).
3
Let f(p) = -2*p**2 + 4*p + 4. Let h be 6/(((28/(-21))/1)/(4/6)). Give f(h).
-26
Suppose t + 0*t = 18. Let w be 2*(-2 + t/10)*-125. Let a = w + -46. Let b(p) = p**2 - p - 5. Give b(a).
7
Let f be ((-602)/2408)/(2/(-56)). Let t(r) = r**3 - 5*r**2 - 8*r + 10. What is t(f)?
52
Let r be (-24)/(-1) + 12/(-6). Suppose r*w = 27*w - 15. Suppose 4*x - 3 = -i + x, i - w*x = -15. Let p(s) = 5*s + 4. What is p(i)?
-26
Let b be 4/10 + 513/(-45) + -3. Let y(f) = -4*f - 52. Let z be y(b). Let l(g) = -g + 3. Calculate l(z).
-1
Let a(u) = -u**3 - 5*u**2 + 17*u - 25. Let c(x) = 2*x**3 + 8*x**2 - 39*x + 53. Let q(v) = -5*a(v) - 2*c(v). What is q(-10)?
-11
Suppose 0*n = -4*m + 3*n - 17, -5 = -5*m - 5*n. Let x(j) = -2*j**2 - 8*j - 11. Calculate x(m).
-3
Let c(i) = -2*i**2 - 24*i + 217. Let z be c(6). Let u(f) = -77*f**2 + 3*f - 2. Give u(z).
-76
Let w(d) = 3*d**2 - 2 + 7 - d**3 - 6. Suppose 11*y = 10*y + 2. Suppose 0 = 3*f + y*q - 19, 21 = 4*f + 2*q - 1. What is w(f)?
-1
Let r(l) = l**3 - l**2 - 7*l + 5. Suppose -35*b = 23*b + b. Calculate r(b).
5
Let g(r) = -r**2 + 3*r + 15. Suppose 128 = 71*x - 227. Calculate g(x).
5
Let n(x) = 2*x**3 + 11*x**2 + 13*x - 498. Let r(y) = y**3 + 5*y**2 + 6*y - 230. Let o(i) = -6*n(i) + 13*r(i). Let g(p) = p + 4. Let l be g(-4). Determine o(l).
-2
Let o = 9342 - 9333. Let n(k) = -14*k + 124. Give n(o).
-2
Let x(b) be the first derivative of 2*b**3/3 - 6*b**2 - 49*b - 6350. Give x(-4).
31
Let y(f) = 116*f**2 - 9*f - 2. Let q be y(1). Let k(m) = -35*m + 14*m - 209 + q + 88 + m**3 + 19*m**2. Determine k(-20).
4
Let m(p) = 26*p - 6*p - 10*p - 38 - 12*p. Let g be m(-13). Let a(c) = -c**2 - 13*c - 8. What is a(g)?
4
Let f(l) = -16*l - 3. Let d = -59 + 63. Suppose -3*n + 19 = -5*u + n, 13 = -d*u + n. Let r be (u - -8)/(-1) + 3. Calculate f(r).
29
Suppose -4*n + 2*n - 2*v = -182, 3*n - v = 265. Let b = n - 108. Let s = b + 18. Let l(a) = a**2 + a + 1. Calculate l(s).
1
Let s(b) = -10*b - 5*b - 800 + 786. Let h be s(-1). Let w(u) = 9*u**3 - 1. Give w(h).
8
Let n(q) = -q**3 - 19*q**2 - 71*q - 8. Let c be n(-14). Let h(v) = v**3 - 7*v**2 + 2*v + 33. What is h(c)?
9
Let l(a) = -6*a**2 - 2*a - 5*a + 1 + 7*a**2. Suppose c = 2*t, 2*c - 1 + 3 = 2*t. Let f(d) = 2*d**2 - 14*d + 3. Let u(j) = c*f(j) + 5*l(j). Determine u(6).
-7
Let h(u) = u**3 + 5*u**2 + 3*u - 5. Let v be -5 + 5/(-1) + 13 + 3. Let l be (-3)/((-36)/(-8))*v. Give h(l).
-1
Suppose -17 = -5*g - 3*b, -5*g + 7 = 5*b - 8. Suppose g = 5*l + 34. Let a be (l - -5)*2 - 6/(-1). Let s(q) = q**3 - 5*q**2 + 2*q - 1. Determine s(a).
-9
Suppose 5*i + 11 = -34. Let d(a) = a**2 + 3*a - 24. Let x(y) = -y + 5. Let u(m) = i*x(m) - 2*d(m). Let h be 2 - (-1 + 0/2). Give u(h).
-6
Suppose 2 = 4*p - 2*j - 0, 5*p + 2*j - 16 = 0. Suppose 0 = -p*a + 21 - 1. Let u(c) = a*c - 4*c**2 + 6*c**2 + 1 + 3*c**2 - 9*c. What is u(-1)?
5
Let s(x) be the second derivative of -x**5/20 + 5*x**4/12 - x**3/3 - x**2/2 + x. Let c(o) = 314*o + 28891. Let q be c(-92). Calculate s(q).
11
Suppose 0 = -5*i - 0*c + 2*c + 37, 3*c - 30 = -2*i. Let b(t) = 5*t + 24. Let x(j) = 3*j + 2*j - 4*j + 2*j + 16. Let d(g) = -5*b(g) + 8*x(g). Calculate d(i).
-1
Let m = 112 + 16. Let s = m + -125. Let z(k) = -k**2 + 2*k. Give z(s).
-3
Let z(o) = -4*o - 3. Let l(t) = 5*t - 30. Let w(s) = -7*s - 14. Let h be w(-3). Let k be l(h). Suppose 9 - 4 = k*i - 5*b, 0 = 5*i + 5*b + 35. Calculate z(i).
9
Let p be 3 + -3 + (1 - -1). Let h(w) be the first derivative of 11*w**2/2 - 80595. Calculate h(p).
22
Suppose -2*g + 16 = -0. Let w(x) = 4. Let a(i) = i + 1. Let m(s) = -a(s) - 2*w(s). Determine m(g).
-17
Let s = -25 - -48. Suppose 13 + s = 18*o. Let z be (1 + 5 + -6)/(o/1). Let d(q) = q**2 + q - 2. Determine d(z).
-2
Suppose -45*q = -39*q + 192. Let u be (2*(-3)/8)/((-4)/q). Let n(z) = -z**3 - 7*z**2 - 6*z - 1. Calculate n(u).
-1
Let s(r) be the third derivative of -1/24*r**4 + 5/6*r**3 - r**2 + 0 + 0*r. Suppose -5*g + 11 = -34. Determine s(g).
-4
Let u(z) = -4*z + 5. Suppose 4*m = -10 - 46. Let r(w) = -w - 9. Let p be r(m). Calculate u(p).
-15
Suppose 17 = 3*a + w, -8*w = 4*a - 5*w - 31. Let y(g) be the first derivative of -g**3/3 + 5*g**2/2 + 3*